355398.
2, 3, 23, 111271
What are the prime factors of 648429?
3, 331, 653
What are the prime factors of 212350?
2, 5, 31, 137
What are the prime factors of 6880946?
2, 29, 31, 43, 89
List the prime factors of 7292591.
7292591
What are the prime factors of 256573?
47, 53, 103
List the prime factors of 5672945.
5, 811, 1399
List the prime factors of 527330.
2, 5, 52733
List the prime factors of 84458.
2, 11, 349
What are the prime factors of 330450?
2, 3, 5, 2203
List the prime factors of 53580.
2, 3, 5, 19, 47
What are the prime factors of 234496?
2, 229
List the prime factors of 554575.
5, 7, 3169
What are the prime factors of 4194103?
4194103
List the prime factors of 35089.
35089
List the prime factors of 1252615.
5, 7, 13, 2753
List the prime factors of 12591007.
11, 13, 521
List the prime factors of 406830.
2, 3, 5, 71, 191
What are the prime factors of 11759790?
2, 3, 5, 7, 29, 1931
List the prime factors of 813209.
813209
What are the prime factors of 9973032?
2, 3, 415543
What are the prime factors of 1320358?
2, 13, 43, 1181
What are the prime factors of 7566883?
19, 29, 31, 443
List the prime factors of 314293.
7, 59, 761
What are the prime factors of 1571511?
3, 251, 2087
What are the prime factors of 2376158?
2, 17, 4111
What are the prime factors of 1572391?
41, 38351
List the prime factors of 5142464.
2, 19, 4229
What are the prime factors of 1855983?
3, 47, 13163
What are the prime factors of 1679471?
1679471
What are the prime factors of 4004986?
2, 607, 3299
What are the prime factors of 193243?
193243
What are the prime factors of 98089?
47, 2087
List the prime factors of 968141.
968141
What are the prime factors of 3118050?
2, 3, 5, 13, 41
What are the prime factors of 396379?
396379
What are the prime factors of 1617160?
2, 5, 40429
What are the prime factors of 65831?
65831
List the prime factors of 205292.
2, 17, 3019
What are the prime factors of 4540865?
5, 7, 137, 947
List the prime factors of 557694.
2, 3, 30983
List the prime factors of 77091.
3, 7, 3671
List the prime factors of 1406609.
1406609
List the prime factors of 59076.
2, 3, 547
List the prime factors of 185765.
5, 53, 701
What are the prime factors of 1207760?
2, 5, 31, 487
What are the prime factors of 130001?
71, 1831
List the prime factors of 4304055.
3, 5, 7, 179, 229
What are the prime factors of 136876?
2, 19, 1801
What are the prime factors of 3069644?
2, 281, 2731
What are the prime factors of 12111518?
2, 6055759
List the prime factors of 1655729.
401, 4129
What are the prime factors of 52979?
31, 1709
List the prime factors of 2876054.
2, 73, 19699
List the prime factors of 5358459.
3, 53, 67, 503
List the prime factors of 592352.
2, 107, 173
List the prime factors of 254943.
3, 13, 2179
What are the prime factors of 5983581?
3, 41, 48647
List the prime factors of 7227389.
13, 555953
What are the prime factors of 306091?
306091
List the prime factors of 2300271.
3, 766757
What are the prime factors of 41341?
41341
List the prime factors of 906342.
2, 3, 151057
What are the prime factors of 5182281?
3, 13, 44293
List the prime factors of 1759788.
2, 3, 48883
List the prime factors of 17065.
5, 3413
What are the prime factors of 6210095?
5, 661, 1879
What are the prime factors of 14847?
3, 7, 101
List the prime factors of 698403.
3, 232801
What are the prime factors of 668810?
2, 5, 47, 1423
What are the prime factors of 2921696?
2, 91303
What are the prime factors of 236750?
2, 5, 947
What are the prime factors of 2160628?
2, 540157
List the prime factors of 858037.
59, 14543
List the prime factors of 27921059.
27921059
List the prime factors of 3015577.
3015577
What are the prime factors of 11922935?
5, 2384587
List the prime factors of 27379.
11, 19, 131
What are the prime factors of 4727608?
2, 101, 5851
What are the prime factors of 13545?
3, 5, 7, 43
List the prime factors of 432253.
313, 1381
What are the prime factors of 450190?
2, 5, 13, 3463
What are the prime factors of 407674?
2, 103, 1979
List the prime factors of 8375703.
3, 7, 23, 17341
List the prime factors of 3845340.
2, 3, 5, 7121
What are the prime factors of 178369?
107, 1667
List the prime factors of 3640541.
37, 61, 1613
List the prime factors of 21420801.
3, 97, 8179
What are the prime factors of 3117402?
2, 3, 173189
What are the prime factors of 1705669?
7, 139, 1753
List the prime factors of 31418291.
37, 849143
What are the prime factors of 132949?
132949
List the prime factors of 8841156.
2, 3, 17, 19, 2281
What are the prime factors of 2301780?
2, 3, 5, 13, 227
What are the prime factors of 709682?
2, 17, 20873
List the prime factors of 16708357.
2963, 5639
List the prime factors of 1098527.
89, 12343
What are the prime factors of 934143?
3, 7, 44483
List the prime factors of 24927209.
89, 379, 739
What are the prime factors of 19344938?
2, 9672469
List the prime factors of 810283.
41, 19763
List the prime factors of 197320.
2, 5, 4933
What are the prime factors of 10764918?
2, 3, 598051
List the prime factors of 47266.
2, 23633
List the prime factors of 3756505.
5, 751301
What are the prime factors of 536244?
2, 3, 44687
List the prime factors of 508941.
3, 193, 293
List the prime factors of 143043.
3, 47681
What are the prime factors of 572296?
2, 71537
List the prime factors of 6220459.
7, 888637
List the prime factors of 10769.
11, 89
List the prime factors of 3090310.
2, 5, 309031
What are the prime factors of 399017?
59, 6763
List the prime factors of 230728.
2, 151, 191
List the prime factors of 197475.
3, 5, 2633
What are the prime factors of 323093?
323093
What are the prime factors of 19976696?
2, 23, 151, 719
List the prime factors of 623689.
11, 31, 59
What are the prime factors of 3890234?
2, 29, 67073
What are the prime factors of 6325435?
5, 1265087
What are the prime factors of 540585?
3, 5, 41, 293
What are the prime factors of 1708248?
2, 3, 109, 653
List the prime factors of 527939.
127, 4157
List the prime factors of 590093.
7, 84299
What are the prime factors of 3547480?
2, 5, 131, 677
What are the prime factors of 674290?
2, 5, 67429
What are the prime factors of 13919187?
3, 233, 19913
List the prime factors of 29195979.
3, 601, 16193
What are the prime factors of 1101910?
2, 5, 101, 1091
What are the prime factors of 4299254?
2, 53, 40559
List the prime factors of 673481.
127, 5303
What are the prime factors of 18921602?
2, 7, 1351543
What are the prime factors of 3690654?
2, 3, 11, 199, 281
List the prime factors of 193718.
2, 7, 101, 137
List the prime factors of 5952425.
5, 457, 521
What are the prime factors of 3208331?
7, 458333
What are the prime factors of 523759?
523759
List the prime factors of 8791072.
2, 19, 761
What are the prime factors of 2414932?
2, 13, 46441
What are the prime factors of 134352?
2, 3, 311
What are the prime factors of 144677?
13, 31, 359
List the prime factors of 105966.
2, 3, 7, 29
What are the prime factors of 7595792?
2, 474737
What are the prime factors of 34180328?
2, 7, 13, 29, 1619
List the prime factors of 2316391.
7, 11, 67, 449
What are the prime factors of 23255152?
2, 61, 23827
List the prime factors of 6229384.
2, 7, 173, 643
What are the prime factors of 1736457?
3, 578819
List the prime factors of 3373046.
2, 211, 7993
List the prime factors of 323635.
5, 13, 383
List the prime factors of 422983.
11, 38453
What are the prime factors of 235072?
2, 3673
List the prime factors of 386308.
2, 13, 17, 19, 23
What are the prime factors of 14588199?
3, 103, 15737
List the prime factors of 692812.
2, 379, 457
What are the prime factors of 1600853?
257, 6229
List the prime factors of 1658148.
2, 3, 138179
What are the prime factors of 6795?
3, 5, 151
What are the prime factors of 180373?
317, 569
What are the prime factors of 172143?
3, 31, 617
What are the prime factors of 17127904?
2, 53, 10099
What are the prime factors of 436696?
2, 13, 17, 19
List the prime factors of 9985.
5, 1997
List the prime factors of 2893857.
3, 43, 22433
What are the prime factors of 158533?
59, 2687
List the prime factors of 23584915.
5, 4716983
What are the prime factors of 134880?
2, 3, 5, 281
List the prime factors of 230819.
230819
List the prime factors of 296436.
2, 3, 7, 3529
What are the prime factors of 21932733?
